m(h) = h**2 - 4*h + 1. Suppose -3*y - 7 = 3*l + 26, -y + 13 = -5*l. Let x(i) = -i**3 - 8*i**2 - 6*i - 4. Let j be x(-7). Let w = y - j. Give m(w).
1
Suppose 2*z + 5*k + 2 = 0, 4*z - 18 = -0*z + k. Suppose 3*a + 0*g - 2*g = 22, -z*g = -a + 14. Let q(f) = f**3 - 5*f**2 - 4*f - 5. Give q(a).
7
Let g(d) = d + 0 + 4*d + 1 - d**2. Suppose 0*i + 4*i - 8 = 0. Suppose 0 = 4*w - 3*t - 24, -i*w - 6*t + 12 = -2*t. Give g(w).
-5
Let s(x) = 3*x + 1. Suppose -f + 2*f - 3 = 0, 4*y + 4*f - 32 = 0. Suppose 2*d = 4*p - 12, 3*p - 22 = -y*d - 0*p. Give s(d).
7
Let g(c) be the second derivative of 0 + 1/12*c**4 + 1/6*c**3 - c - 3*c**2. Calculate g(0).
-6
Let t(m) = 3*m**3 - 3*m - 18. Let g(w) = -8*w**3 + 8*w + 53. Let b(f) = -4*g(f) - 11*t(f). Suppose -2*n + 5*n = 0. Determine b(n).
-14
Let k(n) = n + n**3 - 8*n**3 - n**2 + 8*n**3 + 11. Determine k(0).
11
Let u(j) = j**2 - 8*j + 3. Let q(t) = t**2 - 3*t + 1. Let c(a) = 8*q(a) - 3*u(a). What is c(2)?
19
Let v be (-1)/((-2)/(-4) + -1). Let h(x) = v*x + 6*x**2 - x + 1 + 0. Let b be ((-2)/(-8))/((-1)/4). Give h(b).
6
Let j(s) = -3*s - 2 - 1 - s**3 + 5*s**2 + 1. Calculate j(4).
2
Suppose 4*q = -q. Let r(k) = k - 3. Give r(q).
-3
Let o(z) = -2*z - 3. Let f(q) = -4*q - 7. Let t(d) = 2*d + 4. Let i(x) = -3*f(x) - 5*t(x). Suppose 4*w + 4 = -4. Let g be i(w). Give o(g).
3
Let b(u) = -9*u + 2. Let x(d) = 19*d - 5. Let l(j) = 9*b(j) + 4*x(j). Let c(s) = s + 1. Let t(z) = -6*c(z) - l(z). Determine t(-5).
1
Suppose 0 = -3*d - 2*d - 5*f + 15, -5*d + 3*f = -7. Let q(j) = 4*j**3 - 5*j**3 - 4 + 6*j + 2 + 6*j**d - 5*j. Give q(6).
4
Let y(r) = r**3 + 2*r**2 - 2*r - 1. Let b be 34/(-10)*1 - 2/(-5). Calculate y(b).
-4
Let m(s) = -s**2 - 6*s - 11. Let f be m(-3). Let i be ((-20)/25)/(4/(-10)). Let k(y) = y**3 - 2*y**2 - 3 - y - 2*y**3 - i*y. Give k(f).
3
Let c(l) = -l**3 + l**2 + l - 2. Let u(v) = -2*v + 11. Let d be u(10). Let b = -9 - d. Calculate c(b).
-2
Let o be 4/18 - (-4)/(-18). Let n(v) be the third derivative of -v**4/24 - v**3 - 5*v**2. Determine n(o).
-6
Let p(n) = 3 - 8 - 2*n**2 - 9. Let o be (-62)/12 + 1/6. Let j(r) = r**2 + 7. Let q(s) = o*j(s) - 2*p(s). Determine q(0).
-7
Let w(c) = -c**2 - 1 - 21*c - c**3 + 20*c + 6. Calculate w(0).
5
Let i(y) be the first derivative of -5*y**2/2 - 2*y + 6. Suppose -3*k = 4*u - 0*u + 18, 0 = 5*u + k + 17. Give i(u).
13
Let x = 6 - 6. Suppose 4*u - 3*u + 2*h + 5 = x, 2*u = 5*h + 35. Let t(k) = k - 7. Calculate t(u).
-2
Let z(j) = 2*j. Let k(g) = -7*g - 1. Let o(m) = -k(m) - 5*z(m). What is o(-7)?
22
Let b(l) = 34*l**2 - 1 - l**3 + 34*l**2 + l - 69*l**2. What is b(-2)?
1
Let m(l) = l**3 + 4*l**2 - l + 5. Suppose -20 = -9*d - 56. Determine m(d).
9
Let x(y) = -y + 2*y**3 - 1 - 5*y**3 + 2*y - 12*y**3. Determine x(1).
-15
Let t be -3 + 3 - (0 + 0)*1. Let i(s) = s**2 - 3. Determine i(t).
-3
Let h(v) = v + 1. Let b(i) = i**2 - 3*i - 8. Let m(z) = b(z) - 5*h(z). Determine m(10).
7
Let d = 7 + -6. Let b(g) be the second derivative of 0*g**4 + 0 + 0*g**2 - g + 0*g**3 + 1/10*g**5. What is b(d)?
2
Suppose 9 = -4*v - 7. Let d be v/(-7)*14/4. Let s(f) = 5*f. Give s(d).
10
Let c(i) = 3*i - 54. Let s be c(17). Let o(l) = l**3 - 5*l**2 + l - 3. Let p be o(5). Let k(y) = -2 + p + 3 - y. Calculate k(s).
6
Let b(x) = 5 - 3 - 9*x + 3*x + 2*x. Let g = 8 - 6. Calculate b(g).
-6
Let h(p) be the first derivative of -p**3/3 + 5*p**2/2 - 3*p - 2. Let b(i) = -i. Let r be b(4). Let v be (r/(-6) + 1)*3. Calculate h(v).
-3
Let g(b) = -b**2 + 2*b + 3. Suppose 2*d + 3 - 11 = 0. Determine g(d).
-5
Let i(a) = a**3 + 6*a**2 - 6*a + 9. Let d be i(-7). Let t(h) = -h + 4*h + 29*h**d + 2 - 30*h**2. Give t(-2).
-8
Suppose -3 = -3*s + 9, -2*q + 4*s = 4. Suppose 0*z + 3*z - q = 0. Suppose 2*o = -3*x - 7, 5*o + 5 + 22 = z*x. Let d(j) = -j**2 - 7*j - 3. Determine d(o).
7
Let a(h) be the third derivative of h**9/60480 - h**8/4032 + h**7/1680 - h**6/360 - h**5/30 + h**2. Let m(s) be the third derivative of a(s). Give m(2).
-8
Let m(j) = -j - 10. Let n be m(-5). Let q(b) = -b**2 - 4*b + 3. Let c be q(n). Let r(g) = -g**2 - 4*g - 3. Give r(c).
1
Suppose -x - 38 + 44 = 0. Let d(r) = r**2 - 6*r - 4. Give d(x).
-4
Let w(b) = b - 7 + b**2 - 6*b + 0*b. Determine w(6).
-1
Let q(h) = h - 1. Let u = 4 + -4. Suppose 20 = -u*m - 4*m. What is q(m)?
-6
Let f(y) = 6*y**2 + 2*y + 3. Let q(p) = 5*p**3 - p. Let a be q(1). Let k(w) = w**2 + w. Let i(v) = a*k(v) - f(v). Calculate i(2).
-7
Let z(k) = k**3 + 4*k**2 - 5*k - 2. Let m be (-1)/(3/21) + 2. Let d = 0 - m. Suppose d*i + 13 = y - 8, -5*i - 4*y = 41. Give z(i).
-2
Let o(s) be the second derivative of 5*s**4/12 - s**3 + 5*s**2/2 - 2*s. Let d(r) = -6*r**2 + 6*r - 5. Let h(m) = 4*d(m) + 5*o(m). Calculate h(6).
5
Let c(n) = -2*n - 9. Let q = -17 - -10. Calculate c(q).
5
Let a(w) = -4*w**2 - 15*w - 12. Let d(o) = 5*o**2 + 16*o + 11. Let m(r) = 4*a(r) + 3*d(r). What is m(-10)?
5
Let u(t) = 6*t + 2. Let a(w) = -5*w + 4. Let q(x) = 5*x - 5. Suppose -11 = 4*n + 9. Let h(s) = n*q(s) - 6*a(s). Let p(d) = -7*h(d) + 6*u(d). Give p(-5).
0
Let z(c) = -7*c**3 - 23*c**2 - 9*c - 21. Let s(a) = 11*a**3 + 35*a**2 + 14*a + 31. Let y(p) = -5*s(p) - 8*z(p). Give y(-9).
-5
Let v(h) be the first derivative of -h**2/2 - 10*h + 1. Let t = -59 + 52. Calculate v(t).
-3
Let r(u) = u + 1. Let t(c) = -c - 1. Let j(f) = -10*f - 9. Let h(b) = -2*j(b) + 18*t(b). Let a(w) = h(w) - 5*r(w). What is a(-4)?
7
Suppose -l - 2*l + 14 = 4*m, 0 = 5*l + 2*m. Let j(r) = r**2 + 3*r - 3. Let n(h) = -4*h**2 - 11*h + 13. Let d(w) = l*n(w) - 9*j(w). Give d(-6).
-5
Let o(m) = 3*m**2 - 17*m + 24. Let z(l) = l**2 - 6*l + 8. Let h(y) = 6*o(y) - 17*z(y). Let d be (1 - -2) + 2/(2/(-3)). Determine h(d).
8
Let p(f) be the third derivative of -f**6/120 + f**5/30 + f**4/8 + 2*f**3/3 - 8*f**2. Let k be (-4)/(-6) - (-7)/3. Calculate p(k).
4
Let v(j) = -j**2 + 1. Let b(x) = x**3 - 6*x**2 - 3*x + 9. Let z(y) = b(y) - 3*v(y). Let d be 12/(-30)*10/(-1). What is z(d)?
10
Let q(x) be the third derivative of x**5/60 - x**4/8 - 8*x**2. Let m(f) = f**3 + 6*f**2 + 2. Let p be m(-6). Determine q(p).
-2
Let t = -3 - -8. Suppose q = -2*q. Let l(r) = t*r + 2 + q*r - 4*r. Determine l(2).
4
Let a(q) be the third derivative of q**6/12 + q**3/6 + 5*q**2. Determine a(1).
11
Suppose 0 = -5*h + 5*t + 45, 0 = 2*h + 4*t - t + 7. Let j = 6 - h. Let f(b) be the third derivative of b**4/24 - b**2. What is f(j)?
2
Let d(a) = -2*a**2 - 6*a - 2. Let w = -9 - -5. Determine d(w).
-10
Let q = -12 - -12. Let j(w) be the third derivative of 0*w**5 + 0*w + 5/6*w**3 + 0*w**4 - 2*w**2 + 0 + 1/120*w**6. Calculate j(q).
5
Let n(c) = 12*c - 1. Suppose -8*f = -f + 7. What is n(f)?
-13
Let h(d) = 9*d - 1. Let z be (2/3)/((-2)/3). Let t be 0*3/9 - z. What is h(t)?
8
Let c be ((-48)/2)/(-3) - 1. Let g(d) be the first derivative of -3*d**2/2 + 2*d + 1. Let j(l) = 10*l - 6. Let s(b) = c*g(b) + 2*j(b). Give s(-5).
7
Let g(a) be the third derivative of a**5/60 - 7*a**4/24 + 7*a**3/6 + 38*a**2. What is g(6)?
1
Let f(q) = q**2 - 4*q + 2 + 0 + q - 3. What is f(-3)?
17
Let w(j) = -20*j - 3*j**2 + 26*j - 3 + 4*j**2. Give w(-5).
-8
Let s(d) be the third derivative of -d**6/120 + d**5/15 + 7*d**4/24 - d**3 - d**2. Give s(5).
4
Let q(h) = h**3 - 4*h**2 - 2*h + 4. Let w be (1 + -3)*(-6)/4. Let z be (-9)/(-4) + 2/(-8). Let k be w + -2 - (-1 - z). Determine q(k).
-4
Let h(p) = p + 6. Let o = 20 - 15. Let w = -3 + 6. Suppose -4*t - v = -1, 5*v - o = -w*t - t. Give h(t).
6
Let l(p) be the first derivative of p**4/4 - 7*p**3/3 + 3*p**2 - 6*p + 1. Suppose 0 = -4*s + 8 + 16. Give l(s).
-6
Let o(b) be the second derivative of b**4/4 - b**3/3 + 2*b. Let q = -4 - -6. What is o(q)?
8
Let d(r) = 4*r**2 + 21*r + 3. Let l(b) = -b**2 - 7*b - 1. Let u(x) = -2*d(x) - 7*l(x). Calculate u(7).
1
Let c be (1/(-6))/((-3)/9). Let x(t) be the second derivative of c*t**2 + 0 + 1/6*t**3 - 3*t. Determine x(-1).
0
Let h be (-47*2*1)/(-2). Let x = h - 26. Let w be x/(-9) + (-2)/(-6). Let s(o) = -o - 3. Calculate s(w).
-1
Let d(h) = h**2 + 3*h + 2. Let r be d(-3). Let t(o) = o + 7 + o - o**r - 9 + 0*o. What is t(2)?
-2
Let i(x) = -2*x**2 - 1. Suppose -3*m = -7*m - 5*s + 12, 5*s - 3 = -m. Suppose m*f = f - 2. Let h = f - -2. Give i(h).
-3
Let d(q) = q + 3. Let g be d(-2). Suppose 3*y - 7 = t - 3, 3*t = 5*y. Let x(p) = -6*p**3 - p - 6*p**2 + 1 